+ 66 = s. What is the units digit of y?
1
Suppose -7*z + 100 = -2*z. Suppose -z = -s + 12. What is the units digit of s?
2
Let x = 1081 + -569. What is the tens digit of x?
1
Suppose -4*v = -6*v. Suppose -2*r + 7*r - 765 = v. What is the hundreds digit of r?
1
Let p be 391 - ((-16)/(-3 - 1) + -1). Suppose 0 = 29*n - 31*n + p. What is the tens digit of n?
9
Suppose -5*b + 25 = -0*b. Suppose -y - 2*y - 3*j = -24, 3*y = 2*j + 4. Suppose -y*o + 4*t = -o - 60, 63 = 3*o - b*t. What is the units digit of o?
6
Let l = -4573 - -7987. What is the units digit of l?
4
Suppose -5 + 2 = -3*l. Suppose 3*r = 20 + l. Suppose -38 + 318 = r*k. What is the tens digit of k?
4
Let u(h) = h**3 + 6*h**2 + 4174. What is the units digit of u(0)?
4
Suppose 0 = 4*h - 5*x - 1468, -5*h - 5*x = -h - 1508. Suppose -11*j - h = -15*j. What is the units digit of j?
3
Suppose 5 - 1 = 5*k - y, -2*k + 1 = -y. Let j = -3 - k. Let b(o) = -o - 3. What is the units digit of b(j)?
1
Suppose 3*d + 13*m - 1109 = 14*m, -4*d - 2*m + 1492 = 0. What is the tens digit of d?
7
Let t(o) = -4*o - 1. Let i(q) = q**3 + 4*q**2 - 5*q - 2. Let v be i(-5). Let s = v - 0. What is the units digit of t(s)?
7
Suppose 0 = v + 3*b + 1 + 5, 2*v = 4*b + 18. Suppose -3*a - 2*h = -316, v*a - h = -4*h + 318. What is the units digit of a?
4
Let g(y) = 12*y**2 - 7*y + 7. What is the tens digit of g(4)?
7
Let c(w) = 28*w - 52*w + 11*w**2 - 7 + 18*w. What is the units digit of c(-2)?
9
Suppose -p - 5*o = -4*o - 6, 5*o = 3*p + 14. Suppose -5*b = -p*b + 2*t - 98, -5*t = 5*b - 155. What is the units digit of b?
6
Let c be -3 + (3 + 40/(-12))*-3. What is the tens digit of (-462)/12*c + -1?
7
Let g = 2 - -93. Let l = g - 46. What is the units digit of l?
9
Let v(w) be the second derivative of -2*w**3/3 - 2*w**2 - 3*w. Let z(f) = 7*f + 7. Let l(x) = -5*v(x) - 3*z(x). What is the units digit of l(-5)?
4
What is the tens digit of (-14 - -5)/((-4)/288)?
4
Let s(f) = 6*f**2 - 4*f - 8. Let v(t) = -t**3 - 19*t**2 - 16*t + 40. Let u be v(-18). What is the tens digit of s(u)?
7
Let w(n) = -16*n + 10. Let f be w(-9). Let r = 81 - f. Let j = -51 - r. What is the tens digit of j?
2
Let w be (-2)/2*60/4. Let r(i) be the first derivative of i**4/4 + 5*i**3 - 3*i**2/2 - 6*i + 38. What is the units digit of r(w)?
9
Let r be 5/(10/12) + -1. Let q be (4 - 1) + 6/(-2). Suppose r*u - 15 = q, 0 = -v + 2*u + u + 4. What is the tens digit of v?
1
Suppose -k - k = 3*p - 4781, -3*p + 4778 = -k. What is the tens digit of p?
9
Let z be 5 + -6 + 127*(3 + -2). Let m = z - 61. What is the units digit of m?
5
Suppose -5*z + 6 = 4*r - 14, -4*z + 16 = 0. What is the units digit of 116*(-2 - 9/(-4)) + r?
9
Let o = 30 - 19. Suppose -o*l = -10*l - 4. What is the units digit of 414/10 - l/10?
1
Suppose -20732 = -4*y + 4*l, 988 = y - 4*l - 4198. What is the tens digit of y?
8
Let g(d) = 18 - 4*d + 7 - 7*d**2 + 4*d**2 + 4*d**2. What is the tens digit of g(7)?
4
Let l be -2*-1*1/2*-7. Let k(u) = 5*u**2 - 3*u - 6. What is the units digit of k(l)?
0
Let j = 11 + 431. What is the units digit of 4/12 + j/6?
4
Suppose -6*s + 81 = -1923. What is the tens digit of s?
3
Let u(t) = 5*t + 221. What is the units digit of u(-3)?
6
Let a(d) = -3*d**3 + 3*d**2 + 4*d + 3. Let p(q) = -q**3 + q**2 + 2*q + 1. Let r(x) = -6*a(x) + 15*p(x). Suppose 2*b - 5*b = -6. What is the units digit of r(b)?
1
What is the tens digit of (-138)/23*(-272)/6?
7
What is the tens digit of 3*((-2582)/(-12))/((-27)/(-54))?
9
Suppose 1525 = 26*t - 21*t. What is the hundreds digit of t?
3
Suppose 8*u = 4471 - 687. What is the tens digit of u?
7
Let m(y) = y**2 - 14*y + 27. Let z be m(13). Let r(a) = 7*a**3 - a**2 + 2*a + 3. Let i be r(3). What is the units digit of ((-12)/z)/((-3)/i)?
4
Let m(f) = 42*f**3 - 2*f + 1. Suppose 3*t - i = 6*t + 55, 60 = -4*t - 4*i. Let z = t + 21. What is the units digit of m(z)?
1
What is the thousands digit of -10 - 74943/(-45) - 2/5?
1
Let r(j) be the third derivative of j**6/120 + j**5/60 + j**4/12 + 19*j**3/6 - j**2. Suppose -31*d = 46*d. What is the tens digit of r(d)?
1
Suppose -2*o + 2 = 0, c + 0*c = 4*o - 4. Let x be ((-2)/1)/(8/(-244)). Let h = c + x. What is the units digit of h?
1
What is the hundreds digit of 14070/75 + 2/5?
1
Let f(v) = -2*v - 4. Let k be f(-3). Suppose a - 5*a - 256 = -5*u, 0 = -u + k*a + 56. What is the units digit of u?
8
Suppose -11*h = 961 - 2424. Suppose -4*n = -219 - h. What is the tens digit of n?
8
Let v(z) = z**3 + 13*z**2 + 18*z + 1. What is the tens digit of v(-10)?
2
Suppose 0 = -26*q + 5950 + 5464. What is the units digit of q?
9
Let o(c) = c - 2. Let q be o(1). Let z be (-42 + -3)/(0 + q). Suppose 4*f = -z + 189. What is the tens digit of f?
3
Let z = 16 - 13. Suppose -5*d - 28 = -2*s + 59, z*s - 4*d - 141 = 0. What is the tens digit of s?
5
Let z(n) = 145*n**3 + 6*n**2 + 5*n + 2. Let h(o) = -291*o**3 - 13*o**2 - 11*o - 5. Let a(x) = 4*h(x) + 9*z(x). What is the hundreds digit of a(1)?
1
Let d be (1/2)/((-76)/16 - -5). What is the tens digit of d - (-1 + -95 + 2)?
9
Let t(h) = 2*h**3 - 2*h**2 - 2*h - 2. Let k be t(-2). Let b(j) = -j**3 + 9*j**2 + 12*j + 7. Let m be b(10). Let c = m + k. What is the units digit of c?
5
Suppose -4*d + 653 = -283. Suppose o + 3*s = 2*s + 115, -2*o = -2*s - d. What is the hundreds digit of o?
1
Let k = -251 - -1332. What is the tens digit of k?
8
What is the hundreds digit of (374/51 - 8)/(2/(-2892))?
9
Let m(z) = -z + 1. Let f(l) = 12*l - 7. Let j(u) = f(u) - 2*m(u). What is the tens digit of j(5)?
6
Let t(g) = -31*g - 120. What is the units digit of t(-24)?
4
What is the hundreds digit of (49 - -2329) + -1*-2*1?
3
Let p be (-3)/3*(5 + -5). Let v(h) = -h + 25 + 3*h**2 + 3*h - 2*h**2 + p*h. What is the tens digit of v(0)?
2
What is the hundreds digit of -1 - (5 - (774 + 9))?
7
Let g(a) be the second derivative of -a**4/6 + 13*a**3/2 + 6*a**2 - 29*a. What is the tens digit of g(17)?
9
Let g(n) = 4*n**2 - 25 - 15 + 6*n + 33. What is the units digit of g(4)?
1
Let r = 488 - 330. Suppose r = 6*v - 64. What is the tens digit of v?
3
Let a = -112 + 235. Suppose 0 = 3*m + 2*y + 187, 2*m = -5*y - a - 20. Let c = m - -83. What is the tens digit of c?
2
Suppose 2*b - b - 3 = 0, -5*u - 5266 = -2*b. What is the hundreds digit of (-8)/6 - u/6?
1
Let l(y) = 93*y + 39. What is the thousands digit of l(11)?
1
Let d = 1947 - 916. What is the units digit of d?
1
Let r(a) = -a**3 + 10*a**2 - 10*a + 11. Let v be r(9). Let c be (13 - -38) + -1*v. Let u = c + -20. What is the tens digit of u?
2
Let c(j) = 2*j**2 + 5*j + 4. Let r be c(-2). Suppose 3*g = -k + 397, 0 = g - 0*g + r*k - 129. Suppose g - 34 = 3*v. What is the tens digit of v?
3
Let j(p) = -p**2 - 8*p + 4. Let h be j(-4). Suppose -h = -2*v + 36. Suppose -g = g - v. What is the units digit of g?
4
Let l be (-2 + 3)/((-3)/(-15)). Suppose 2*m + 2 = s + 8, 4*s + 50 = -l*m. Let u = s - -35. What is the units digit of u?
5
Suppose -2 = u - 0*u. What is the tens digit of 78 + (2 - 4) - u?
7
Suppose 2*r = 2*u + 86, 2*r - 6*r + u = -157. Suppose -15*m + 13*m + r = 0. Suppose 2*k + 1 = m. What is the units digit of k?
9
Let q = -58 - -59. What is the tens digit of 90 + 4/q + -15 + 8?
8
Let b = 27 + -23. Suppose 4*r + u + 1 = 11, -5*u + 2 = -4*r. Suppose 3*i - r*v + 4 = 27, -b*i + v + 29 = 0. What is the units digit of i?
7
Let x(c) = -50*c + 115. What is the units digit of x(-16)?
5
Let m = -33 - -11. Let w = -17 - m. Suppose 3 = w*g - 57. What is the tens digit of g?
1
Let v be (5 - 0 - 2) + -30. What is the units digit of (v/(-6))/(-3)*-2?
3
Let c be 90/25 - 4/(-10). Let a(p) = 11*p**2 - 17*p + 12. Let m(o) = -5*o**2 + 8*o - 6. Let d(s) = 6*a(s) + 13*m(s). What is the units digit of d(c)?
8
Suppose -4*t + 3*y = -2*y + 72, -3*t = 5*y + 89. Let h = 25 + t. Suppose -2*k + 0*k + 40 = 5*j, h*j = 0. What is the units digit of k?
0
Let z(t) = -7*t**3 + 5*t**2 + 19*t + 4. Let d(o) = 3*o**3 - 2*o**2 - 9*o - 2. Let r(g) = 9*d(g) + 4*z(g). What is the tens digit of r(-4)?
1
Suppose 23 = 4*v + 3. Let p be 168/v + (-9)/15. What is the units digit of 39/p - (-4)/(-22)?
1
Suppose -40*r + 20 = -35*r. Suppose 643 = 4*l - 7*z + r*z, -289 = -2*l - 5*z. What is the units digit of l?
7
Suppose -2*l = -11 - 877. What is the units digit of l?
4
Suppose -8337 - 3151 = -4*s - 5*p, s - p 